{"id":533,"date":"2025-01-17T15:19:54","date_gmt":"2025-01-17T15:19:54","guid":{"rendered":"https:\/\/vederevalencia.it\/tariffe\/"},"modified":"2025-08-10T13:27:35","modified_gmt":"2025-08-10T13:27:35","slug":"tarifas","status":"publish","type":"page","link":"https:\/\/vederevalencia.it\/es\/tarifas\/","title":{"rendered":"Tarifas"},"content":{"rendered":"\n<div class=\"wp-block-group block_1\"><div class=\"wp-block-group__inner-container is-layout-constrained wp-block-group-is-layout-constrained\">\n<h1 class=\"wp-block-heading\" data-aos=\"fade-up\">Tarifas<\/h1>\n\n\n\n<div class=\"wp-block-columns is-layout-flex wp-container-core-columns-is-layout-9d6595d7 wp-block-columns-is-layout-flex\">\n<div class=\"wp-block-column is-vertically-aligned-center left is-layout-flow wp-block-column-is-layout-flow\" data-aos=\"fade-up\">\n<div class=\"wp-block-group\"><div class=\"wp-block-group__inner-container is-layout-constrained wp-block-group-is-layout-constrained\">\n<p>Las tarifas son \u00abnegociables\u00bb y pueden variar seg\u00fan los casos y las necesidades de los turistas.<\/p>\n\n\n\n<p>Los menores de 10 a\u00f1os no pagan.<\/p>\n\n\n\n<p>Los precios son totales, aplicables a un grupo de 4 a 20 personas.<\/p>\n\n\n\n<p>Para grupos de menos de 4 a m\u00e1s de 20 personas se calcular\u00e1 un presupuesto personalizado aparte.<\/p>\n\n\n\n<p>La visita al interior de los monumentos no est\u00e1 incluida en el precio del tour. Las reservas de entradas, bicicletas de paseo, etc. pueden ser efectuadas por el gu\u00eda, pero se pagan aparte.<\/p>\n\n\n\n<p>Precio especial parejas = <strong>80\u20ac<\/strong> total, 2 \u00bd horas.<\/p>\n\n\n\n<p>Medio d\u00eda, 2\u00bd a 4 horas = <strong>150\u20ac<\/strong> (7,5\u20ac a 37,5\u20ac por persona).<\/p>\n\n\n\n<p>D\u00eda completo, de 7 a 7 \u00bd horas = <strong>240\u20ac<\/strong> (de 12,5\u20ac a 62,5\u20ac por persona).<\/p>\n\n\n\n<div class=\"wp-block-buttons big_button is-layout-flex wp-block-buttons-is-layout-flex\">\n<div class=\"wp-block-button\"><a class=\"wp-block-button__link wp-element-button\" href=\"https:\/\/vederevalencia.it\/es\/contacto\/\">Reserva ahora<\/a><\/div>\n<\/div>\n<\/div><\/div>\n<\/div>\n\n\n\n<div class=\"wp-block-column right is-layout-flow wp-block-column-is-layout-flow\" data-aos=\"fade-up\">\n<figure class=\"wp-block-image size-large\"><img loading=\"lazy\" decoding=\"async\" width=\"1024\" height=\"751\" src=\"https:\/\/vederevalencia.it\/wp-content\/uploads\/2025\/01\/valencia-city-in-spain-2023-11-27-05-27-54-utc-11-2-1024x751.jpg\" alt=\"\" class=\"wp-image-267\"\/><\/figure>\n<\/div>\n<\/div>\n<\/div><\/div>\n\n\n\n<div class=\"wp-block-group alignfull call_to_action_agenzia\"><div class=\"wp-block-group__inner-container is-layout-constrained wp-block-group-is-layout-constrained\">\n<p>\u00bfEres una agencia de viajes? Ponte en contacto conmigo para <br>ofrecer a tus clientes tours personalizados a Valencia<\/p>\n\n\n\n<div class=\"wp-block-buttons is-layout-flex wp-block-buttons-is-layout-flex\">\n<div class=\"wp-block-button big_button\"><a class=\"wp-block-button__link wp-element-button\" href=\"https:\/\/vederevalencia.it\/es\/agencias-de-viajes\/\">Cont\u00e1ctame<\/a><\/div>\n<\/div>\n<\/div><\/div>\n","protected":false},"excerpt":{"rendered":"<p>Tarifas Las tarifas son \u00abnegociables\u00bb y pueden variar seg\u00fan los casos y las necesidades de los turistas. Los menores de 10 a\u00f1os no pagan. Los precios son totales, aplicables a un grupo de 4 a 20 personas. Para grupos de menos de 4 a m\u00e1s de 20 personas se calcular\u00e1 un presupuesto personalizado aparte. La [&hellip;]<\/p>\n","protected":false},"author":1,"featured_media":0,"parent":0,"menu_order":0,"comment_status":"closed","ping_status":"closed","template":"fullwith-without-title.php","meta":{"_acf_changed":false,"footnotes":""},"class_list":["post-533","page","type-page","status-publish","hentry"],"acf":[],"yoast_head":"<!-- This site is optimized with the Yoast SEO plugin v24.3 - https:\/\/yoast.com\/wordpress\/plugins\/seo\/ -->\n<title>Tarifas - Vedere Valencia<\/title>\n<meta name=\"robots\" content=\"noindex, follow, max-snippet:-1, max-image-preview:large, max-video-preview:-1\" \/>\n<meta property=\"og:locale\" content=\"es_ES\" \/>\n<meta property=\"og:type\" content=\"article\" \/>\n<meta property=\"og:title\" content=\"Tarifas - Vedere Valencia\" \/>\n<meta property=\"og:description\" content=\"Tarifas Las tarifas son \u00abnegociables\u00bb y pueden variar seg\u00fan los casos y las necesidades de los turistas. Los menores de 10 a\u00f1os no pagan. Los precios son totales, aplicables a un grupo de 4 a 20 personas. Para grupos de menos de 4 a m\u00e1s de 20 personas se calcular\u00e1 un presupuesto personalizado aparte. La [&hellip;]\" \/>\n<meta property=\"og:url\" content=\"https:\/\/vederevalencia.it\/es\/tarifas\/\" \/>\n<meta property=\"og:site_name\" content=\"Vedere Valencia\" \/>\n<meta property=\"article:modified_time\" content=\"2025-08-10T13:27:35+00:00\" \/>\n<meta property=\"og:image\" content=\"https:\/\/vederevalencia.it\/wp-content\/uploads\/2025\/01\/valencia-city-in-spain-2023-11-27-05-27-54-utc-11-2.jpg\" \/>\n\t<meta property=\"og:image:width\" content=\"1125\" \/>\n\t<meta property=\"og:image:height\" content=\"825\" \/>\n\t<meta property=\"og:image:type\" content=\"image\/jpeg\" \/>\n<meta name=\"twitter:card\" content=\"summary_large_image\" \/>\n<meta name=\"twitter:label1\" content=\"Tiempo de lectura\" \/>\n\t<meta name=\"twitter:data1\" content=\"1 minuto\" \/>\n<script type=\"application\/ld+json\" class=\"yoast-schema-graph\">{\"@context\":\"https:\/\/schema.org\",\"@graph\":[{\"@type\":\"WebPage\",\"@id\":\"https:\/\/vederevalencia.it\/es\/tarifas\/\",\"url\":\"https:\/\/vederevalencia.it\/es\/tarifas\/\",\"name\":\"Tarifas - Vedere Valencia\",\"isPartOf\":{\"@id\":\"https:\/\/vederevalencia.it\/es\/#website\"},\"primaryImageOfPage\":{\"@id\":\"https:\/\/vederevalencia.it\/es\/tarifas\/#primaryimage\"},\"image\":{\"@id\":\"https:\/\/vederevalencia.it\/es\/tarifas\/#primaryimage\"},\"thumbnailUrl\":\"https:\/\/vederevalencia.it\/wp-content\/uploads\/2025\/01\/valencia-city-in-spain-2023-11-27-05-27-54-utc-11-2-1024x751.jpg\",\"datePublished\":\"2025-01-17T15:19:54+00:00\",\"dateModified\":\"2025-08-10T13:27:35+00:00\",\"breadcrumb\":{\"@id\":\"https:\/\/vederevalencia.it\/es\/tarifas\/#breadcrumb\"},\"inLanguage\":\"es\",\"potentialAction\":[{\"@type\":\"ReadAction\",\"target\":[\"https:\/\/vederevalencia.it\/es\/tarifas\/\"]}]},{\"@type\":\"ImageObject\",\"inLanguage\":\"es\",\"@id\":\"https:\/\/vederevalencia.it\/es\/tarifas\/#primaryimage\",\"url\":\"https:\/\/vederevalencia.it\/wp-content\/uploads\/2025\/01\/valencia-city-in-spain-2023-11-27-05-27-54-utc-11-2-1024x751.jpg\",\"contentUrl\":\"https:\/\/vederevalencia.it\/wp-content\/uploads\/2025\/01\/valencia-city-in-spain-2023-11-27-05-27-54-utc-11-2-1024x751.jpg\"},{\"@type\":\"BreadcrumbList\",\"@id\":\"https:\/\/vederevalencia.it\/es\/tarifas\/#breadcrumb\",\"itemListElement\":[{\"@type\":\"ListItem\",\"position\":1,\"name\":\"Portada\",\"item\":\"https:\/\/vederevalencia.it\/es\/\"},{\"@type\":\"ListItem\",\"position\":2,\"name\":\"Tarifas\"}]},{\"@type\":\"WebSite\",\"@id\":\"https:\/\/vederevalencia.it\/es\/#website\",\"url\":\"https:\/\/vederevalencia.it\/es\/\",\"name\":\"Vedere Valencia\",\"description\":\"Pierluigi Melis Tours\",\"publisher\":{\"@id\":\"https:\/\/vederevalencia.it\/es\/#organization\"},\"potentialAction\":[{\"@type\":\"SearchAction\",\"target\":{\"@type\":\"EntryPoint\",\"urlTemplate\":\"https:\/\/vederevalencia.it\/es\/?s={search_term_string}\"},\"query-input\":{\"@type\":\"PropertyValueSpecification\",\"valueRequired\":true,\"valueName\":\"search_term_string\"}}],\"inLanguage\":\"es\"},{\"@type\":\"Organization\",\"@id\":\"https:\/\/vederevalencia.it\/es\/#organization\",\"name\":\"Vedere Valencia\",\"url\":\"https:\/\/vederevalencia.it\/es\/\",\"logo\":{\"@type\":\"ImageObject\",\"inLanguage\":\"es\",\"@id\":\"https:\/\/vederevalencia.it\/es\/#\/schema\/logo\/image\/\",\"url\":\"https:\/\/vederevalencia.it\/wp-content\/uploads\/2022\/09\/Logo.jpg\",\"contentUrl\":\"https:\/\/vederevalencia.it\/wp-content\/uploads\/2022\/09\/Logo.jpg\",\"width\":101,\"height\":91,\"caption\":\"Vedere Valencia\"},\"image\":{\"@id\":\"https:\/\/vederevalencia.it\/es\/#\/schema\/logo\/image\/\"}}]}<\/script>\n<!-- \/ Yoast SEO plugin. -->","yoast_head_json":{"title":"Tarifas - Vedere Valencia","robots":{"index":"noindex","follow":"follow","max-snippet":"max-snippet:-1","max-image-preview":"max-image-preview:large","max-video-preview":"max-video-preview:-1"},"og_locale":"es_ES","og_type":"article","og_title":"Tarifas - Vedere Valencia","og_description":"Tarifas Las tarifas son \u00abnegociables\u00bb y pueden variar seg\u00fan los casos y las necesidades de los turistas. Los menores de 10 a\u00f1os no pagan. Los precios son totales, aplicables a un grupo de 4 a 20 personas. Para grupos de menos de 4 a m\u00e1s de 20 personas se calcular\u00e1 un presupuesto personalizado aparte. La [&hellip;]","og_url":"https:\/\/vederevalencia.it\/es\/tarifas\/","og_site_name":"Vedere Valencia","article_modified_time":"2025-08-10T13:27:35+00:00","og_image":[{"width":1125,"height":825,"url":"https:\/\/vederevalencia.it\/wp-content\/uploads\/2025\/01\/valencia-city-in-spain-2023-11-27-05-27-54-utc-11-2.jpg","type":"image\/jpeg"}],"twitter_card":"summary_large_image","twitter_misc":{"Tiempo de lectura":"1 minuto"},"schema":{"@context":"https:\/\/schema.org","@graph":[{"@type":"WebPage","@id":"https:\/\/vederevalencia.it\/es\/tarifas\/","url":"https:\/\/vederevalencia.it\/es\/tarifas\/","name":"Tarifas - Vedere Valencia","isPartOf":{"@id":"https:\/\/vederevalencia.it\/es\/#website"},"primaryImageOfPage":{"@id":"https:\/\/vederevalencia.it\/es\/tarifas\/#primaryimage"},"image":{"@id":"https:\/\/vederevalencia.it\/es\/tarifas\/#primaryimage"},"thumbnailUrl":"https:\/\/vederevalencia.it\/wp-content\/uploads\/2025\/01\/valencia-city-in-spain-2023-11-27-05-27-54-utc-11-2-1024x751.jpg","datePublished":"2025-01-17T15:19:54+00:00","dateModified":"2025-08-10T13:27:35+00:00","breadcrumb":{"@id":"https:\/\/vederevalencia.it\/es\/tarifas\/#breadcrumb"},"inLanguage":"es","potentialAction":[{"@type":"ReadAction","target":["https:\/\/vederevalencia.it\/es\/tarifas\/"]}]},{"@type":"ImageObject","inLanguage":"es","@id":"https:\/\/vederevalencia.it\/es\/tarifas\/#primaryimage","url":"https:\/\/vederevalencia.it\/wp-content\/uploads\/2025\/01\/valencia-city-in-spain-2023-11-27-05-27-54-utc-11-2-1024x751.jpg","contentUrl":"https:\/\/vederevalencia.it\/wp-content\/uploads\/2025\/01\/valencia-city-in-spain-2023-11-27-05-27-54-utc-11-2-1024x751.jpg"},{"@type":"BreadcrumbList","@id":"https:\/\/vederevalencia.it\/es\/tarifas\/#breadcrumb","itemListElement":[{"@type":"ListItem","position":1,"name":"Portada","item":"https:\/\/vederevalencia.it\/es\/"},{"@type":"ListItem","position":2,"name":"Tarifas"}]},{"@type":"WebSite","@id":"https:\/\/vederevalencia.it\/es\/#website","url":"https:\/\/vederevalencia.it\/es\/","name":"Vedere Valencia","description":"Pierluigi Melis Tours","publisher":{"@id":"https:\/\/vederevalencia.it\/es\/#organization"},"potentialAction":[{"@type":"SearchAction","target":{"@type":"EntryPoint","urlTemplate":"https:\/\/vederevalencia.it\/es\/?s={search_term_string}"},"query-input":{"@type":"PropertyValueSpecification","valueRequired":true,"valueName":"search_term_string"}}],"inLanguage":"es"},{"@type":"Organization","@id":"https:\/\/vederevalencia.it\/es\/#organization","name":"Vedere Valencia","url":"https:\/\/vederevalencia.it\/es\/","logo":{"@type":"ImageObject","inLanguage":"es","@id":"https:\/\/vederevalencia.it\/es\/#\/schema\/logo\/image\/","url":"https:\/\/vederevalencia.it\/wp-content\/uploads\/2022\/09\/Logo.jpg","contentUrl":"https:\/\/vederevalencia.it\/wp-content\/uploads\/2022\/09\/Logo.jpg","width":101,"height":91,"caption":"Vedere Valencia"},"image":{"@id":"https:\/\/vederevalencia.it\/es\/#\/schema\/logo\/image\/"}}]}},"_links":{"self":[{"href":"https:\/\/vederevalencia.it\/es\/wp-json\/wp\/v2\/pages\/533","targetHints":{"allow":["GET"]}}],"collection":[{"href":"https:\/\/vederevalencia.it\/es\/wp-json\/wp\/v2\/pages"}],"about":[{"href":"https:\/\/vederevalencia.it\/es\/wp-json\/wp\/v2\/types\/page"}],"author":[{"embeddable":true,"href":"https:\/\/vederevalencia.it\/es\/wp-json\/wp\/v2\/users\/1"}],"replies":[{"embeddable":true,"href":"https:\/\/vederevalencia.it\/es\/wp-json\/wp\/v2\/comments?post=533"}],"version-history":[{"count":19,"href":"https:\/\/vederevalencia.it\/es\/wp-json\/wp\/v2\/pages\/533\/revisions"}],"predecessor-version":[{"id":1175,"href":"https:\/\/vederevalencia.it\/es\/wp-json\/wp\/v2\/pages\/533\/revisions\/1175"}],"wp:attachment":[{"href":"https:\/\/vederevalencia.it\/es\/wp-json\/wp\/v2\/media?parent=533"}],"curies":[{"name":"wp","href":"https:\/\/api.w.org\/{rel}","templated":true}]}}

<div class="wp-block-group block_1"><div class="wp-block-group__inner-container is-layout-constrained wp-block-group-is-layout-constrained">
<h1 class="wp-block-heading" data-aos="fade-up">Tarifas</h1>



<div class="wp-block-columns is-layout-flex wp-container-core-columns-is-layout-9d6595d7 wp-block-columns-is-layout-flex">
<div class="wp-block-column is-vertically-aligned-center left is-layout-flow wp-block-column-is-layout-flow" data-aos="fade-up">
<div class="wp-block-group"><div class="wp-block-group__inner-container is-layout-constrained wp-block-group-is-layout-constrained">
<p>Las tarifas son «negociables» y pueden variar según los casos y las necesidades de los turistas.</p>



<p>Los menores de 10 años no pagan.</p>



<p>Los precios son totales, aplicables a un grupo de 4 a 20 personas.</p>



<p>Para grupos de menos de 4 a más de 20 personas se calculará un presupuesto personalizado aparte.</p>



<p>La visita al interior de los monumentos no está incluida en el precio del tour. Las reservas de entradas, bicicletas de paseo, etc. pueden ser efectuadas por el guía, pero se pagan aparte.</p>



<p>Precio especial parejas = <strong>80€</strong> total, 2 ½ horas.</p>



<p>Medio día, 2½ a 4 horas = <strong>150€</strong> (7,5€ a 37,5€ por persona).</p>



<p>Día completo, de 7 a 7 ½ horas = <strong>240€</strong> (de 12,5€ a 62,5€ por persona).</p>



<div class="wp-block-buttons big_button is-layout-flex wp-block-buttons-is-layout-flex">
<div class="wp-block-button"><a class="wp-block-button__link wp-element-button" href="https://vederevalencia.it/es/contacto/">Reserva ahora</a></div>
</div>
</div></div>
</div>



<div class="wp-block-column right is-layout-flow wp-block-column-is-layout-flow" data-aos="fade-up">
<figure class="wp-block-image size-large"><img loading="lazy" decoding="async" width="1024" height="751" src="https://vederevalencia.it/wp-content/uploads/2025/01/valencia-city-in-spain-2023-11-27-05-27-54-utc-11-2-1024x751.jpg" alt="" class="wp-image-267"/></figure>
</div>
</div>
</div></div>



<div class="wp-block-group alignfull call_to_action_agenzia"><div class="wp-block-group__inner-container is-layout-constrained wp-block-group-is-layout-constrained">
<p>¿Eres una agencia de viajes? Ponte en contacto conmigo para <br>ofrecer a tus clientes tours personalizados a Valencia</p>



<div class="wp-block-buttons is-layout-flex wp-block-buttons-is-layout-flex">
<div class="wp-block-button big_button"><a class="wp-block-button__link wp-element-button" href="https://vederevalencia.it/es/agencias-de-viajes/">Contáctame</a></div>
</div>
</div></div>

<p>Tarifas Las tarifas son «negociables» y pueden variar según los casos y las necesidades de los turistas. Los menores de 10 años no pagan. Los precios son totales, aplicables a un grupo de 4 a 20 personas. Para grupos de menos de 4 a más de 20 personas se calculará un presupuesto personalizado aparte. La [&hellip;]</p>

<!-- This site is optimized with the Yoast SEO plugin v24.3 - https://yoast.com/wordpress/plugins/seo/ -->
<title>Tarifas - Vedere Valencia</title>
<meta name="robots" content="noindex, follow, max-snippet:-1, max-image-preview:large, max-video-preview:-1" />
<meta property="og:locale" content="es_ES" />
<meta property="og:type" content="article" />
<meta property="og:title" content="Tarifas - Vedere Valencia" />
<meta property="og:description" content="Tarifas Las tarifas son «negociables» y pueden variar según los casos y las necesidades de los turistas. Los menores de 10 años no pagan. Los precios son totales, aplicables a un grupo de 4 a 20 personas. Para grupos de menos de 4 a más de 20 personas se calculará un presupuesto personalizado aparte. La [&hellip;]" />
<meta property="og:url" content="https://vederevalencia.it/es/tarifas/" />
<meta property="og:site_name" content="Vedere Valencia" />
<meta property="article:modified_time" content="2025-08-10T13:27:35+00:00" />
<meta property="og:image" content="https://vederevalencia.it/wp-content/uploads/2025/01/valencia-city-in-spain-2023-11-27-05-27-54-utc-11-2.jpg" />
	<meta property="og:image:width" content="1125" />
	<meta property="og:image:height" content="825" />
	<meta property="og:image:type" content="image/jpeg" />
<meta name="twitter:card" content="summary_large_image" />
<meta name="twitter:label1" content="Tiempo de lectura" />
	<meta name="twitter:data1" content="1 minuto" />
<script type="application/ld+json" class="yoast-schema-graph">{"@context":"https://schema.org","@graph":[{"@type":"WebPage","@id":"https://vederevalencia.it/es/tarifas/","url":"https://vederevalencia.it/es/tarifas/","name":"Tarifas - Vedere Valencia","isPartOf":{"@id":"https://vederevalencia.it/es/#website"},"primaryImageOfPage":{"@id":"https://vederevalencia.it/es/tarifas/#primaryimage"},"image":{"@id":"https://vederevalencia.it/es/tarifas/#primaryimage"},"thumbnailUrl":"https://vederevalencia.it/wp-content/uploads/2025/01/valencia-city-in-spain-2023-11-27-05-27-54-utc-11-2-1024x751.jpg","datePublished":"2025-01-17T15:19:54+00:00","dateModified":"2025-08-10T13:27:35+00:00","breadcrumb":{"@id":"https://vederevalencia.it/es/tarifas/#breadcrumb"},"inLanguage":"es","potentialAction":[{"@type":"ReadAction","target":["https://vederevalencia.it/es/tarifas/"]}]},{"@type":"ImageObject","inLanguage":"es","@id":"https://vederevalencia.it/es/tarifas/#primaryimage","url":"https://vederevalencia.it/wp-content/uploads/2025/01/valencia-city-in-spain-2023-11-27-05-27-54-utc-11-2-1024x751.jpg","contentUrl":"https://vederevalencia.it/wp-content/uploads/2025/01/valencia-city-in-spain-2023-11-27-05-27-54-utc-11-2-1024x751.jpg"},{"@type":"BreadcrumbList","@id":"https://vederevalencia.it/es/tarifas/#breadcrumb","itemListElement":[{"@type":"ListItem","position":1,"name":"Portada","item":"https://vederevalencia.it/es/"},{"@type":"ListItem","position":2,"name":"Tarifas"}]},{"@type":"WebSite","@id":"https://vederevalencia.it/es/#website","url":"https://vederevalencia.it/es/","name":"Vedere Valencia","description":"Pierluigi Melis Tours","publisher":{"@id":"https://vederevalencia.it/es/#organization"},"potentialAction":[{"@type":"SearchAction","target":{"@type":"EntryPoint","urlTemplate":"https://vederevalencia.it/es/?s={search_term_string}"},"query-input":{"@type":"PropertyValueSpecification","valueRequired":true,"valueName":"search_term_string"}}],"inLanguage":"es"},{"@type":"Organization","@id":"https://vederevalencia.it/es/#organization","name":"Vedere Valencia","url":"https://vederevalencia.it/es/","logo":{"@type":"ImageObject","inLanguage":"es","@id":"https://vederevalencia.it/es/#/schema/logo/image/","url":"https://vederevalencia.it/wp-content/uploads/2022/09/Logo.jpg","contentUrl":"https://vederevalencia.it/wp-content/uploads/2022/09/Logo.jpg","width":101,"height":91,"caption":"Vedere Valencia"},"image":{"@id":"https://vederevalencia.it/es/#/schema/logo/image/"}}]}</script>
<!-- / Yoast SEO plugin. -->

Tarifas Las tarifas son «negociables» y pueden variar según los casos y las necesidades de los turistas. Los menores de 10 años no pagan. Los precios son totales, aplicables a un grupo de 4 a 20 personas. Para grupos de menos de 4 a más de 20 personas se calculará un presupuesto personalizado aparte. La [&hellip;]
